{"id":103,"date":"2025-04-28T08:08:03","date_gmt":"2025-04-28T08:08:03","guid":{"rendered":"https:\/\/liaise-project.eu\/?page_id=103"},"modified":"2025-04-29T09:27:38","modified_gmt":"2025-04-29T09:27:38","slug":"partners","status":"publish","type":"page","link":"https:\/\/liaise-project.eu\/mir\/partners\/","title":{"rendered":"Parceiros"},"content":{"rendered":"<div class=\"wp-block-uagb-container section-img uagb-block-4e28198a alignfull uagb-is-root-container\">\n<figure class=\"wp-block-image size-full\"><img loading=\"lazy\" decoding=\"async\" width=\"2206\" height=\"305\" src=\"https:\/\/liaise-project.eu\/wp-content\/uploads\/2025\/04\/partners.jpg\" alt=\"partners\" class=\"wp-image-104\" srcset=\"https:\/\/liaise-project.eu\/wp-content\/uploads\/2025\/04\/partners.jpg 2206w, https:\/\/liaise-project.eu\/wp-content\/uploads\/2025\/04\/partners-650x90.jpg 650w, https:\/\/liaise-project.eu\/wp-content\/uploads\/2025\/04\/partners-1280x177.jpg 1280w, https:\/\/liaise-project.eu\/wp-content\/uploads\/2025\/04\/partners-768x106.jpg 768w, https:\/\/liaise-project.eu\/wp-content\/uploads\/2025\/04\/partners-1536x212.jpg 1536w, https:\/\/liaise-project.eu\/wp-content\/uploads\/2025\/04\/partners-2048x283.jpg 2048w\" sizes=\"auto, (max-width: 2206px) 100vw, 2206px\" \/><\/figure>\n<\/div>\n\n\n\n<div class=\"wp-block-uagb-container main-page-partners uagb-block-da431a8e alignfull uagb-is-root-container\">\n<h2 class=\"wp-block-heading\">Parceiros<\/h2>\n\n\n\n<div data-aos= \"fade-up\" data-aos-duration=\"400\" data-aos-delay=\"0\" data-aos-easing=\"ease\" data-aos-once=\"true\" class=\"wp-block-uagb-container main-inside-white uagb-block-eea21150 alignfull uagb-is-root-container\">\n<div class=\"wp-block-columns partners-block is-layout-flex wp-container-core-columns-is-layout-9d6595d7 wp-block-columns-is-layout-flex\">\n<div class=\"wp-block-column is-layout-flow wp-block-column-is-layout-flow\" style=\"flex-basis:33.33%\"><div class=\"wp-block-image is-style-default\">\n<figure class=\"aligncenter size-full\"><img loading=\"lazy\" decoding=\"async\" width=\"400\" height=\"300\" src=\"https:\/\/liaise-project.eu\/wp-content\/uploads\/2025\/04\/barreiro.jpg\" alt=\"barreiro\" class=\"wp-image-35\"\/><\/figure><\/div><\/div>\n\n\n\n<div class=\"wp-block-column is-layout-flow wp-block-column-is-layout-flow\" style=\"flex-basis:66.66%\">\n<p><strong>L Agrupamiento de Scuolas de l Barreiro<\/strong> ye ua scuola p\u00fablica ne l Barreiro,  Pertual.Antegra stablecimientos d'ansino de b\u00e1rios nibles, ancluindo l'eiduca\u00e7on pr\u00e9-scolar, l'ansino b\u00e1sico, l'eiduca\u00e7on d'adultos i un centro de forma\u00e7on pa l zambolbimiento profissional de porsores. La sue a\u00e7on centra-se na ouferta dua eiduca\u00e7on de culidade als sous alunos, d'acuordo culs perc\u00edpios de l multelinguismo, de la multiculturalidade i de m\u00e9todos d'ansino i daprendizaige anclusibos i acessibles.<br>Para saber mais:<\/p>\n<\/div>\n<\/div>\n\n\n\n<div class=\"wp-block-columns partners-block is-layout-flex wp-container-core-columns-is-layout-9d6595d7 wp-block-columns-is-layout-flex\">\n<div class=\"wp-block-column is-layout-flow wp-block-column-is-layout-flow\" style=\"flex-basis:33.33%\"><div class=\"wp-block-image is-style-default\">\n<figure class=\"aligncenter size-full\"><img loading=\"lazy\" decoding=\"async\" width=\"400\" height=\"300\" src=\"https:\/\/liaise-project.eu\/wp-content\/uploads\/2025\/04\/idaes.jpg\" alt=\"idaes\" class=\"wp-image-38\"\/><\/figure><\/div><\/div>\n\n\n\n<div class=\"wp-block-column is-layout-flow wp-block-column-is-layout-flow\" style=\"flex-basis:66.66%\">\n<p><strong>L Agrupamiento de Scuolas de Idanes<\/strong>&nbsp;ye ua scuola p\u00fablica an Felgueiras, Pertual. Las eniciatibas de la scuola stan alinhadas cul sou oubjetibo de promober l'ancluson i l'acessibelidade d'alunos probenientes de b\u00e1rios cuntestos eiducatibos, sociales, culturales i lhengu\u00edsticos. Para alh\u00e1 desso, promobe i apoia l sucesso acad\u00e9mico, profissional i social de ls sous alunos, fomentando al mesmo tiempo la sue cidadanie atiba i l sou ambolbimiento c\u00edbico.<br>Para saber mais:<\/p>\n<\/div>\n<\/div>\n\n\n\n<div class=\"wp-block-columns partners-block is-layout-flex wp-container-core-columns-is-layout-9d6595d7 wp-block-columns-is-layout-flex\">\n<div class=\"wp-block-column is-layout-flow wp-block-column-is-layout-flow\" style=\"flex-basis:33.33%\"><div class=\"wp-block-image is-style-default\">\n<figure class=\"aligncenter size-full\"><img loading=\"lazy\" decoding=\"async\" width=\"400\" height=\"300\" src=\"https:\/\/liaise-project.eu\/wp-content\/uploads\/2025\/04\/snt-george.jpg\" alt=\"snt george\" class=\"wp-image-37\"\/><\/figure><\/div><\/div>\n\n\n\n<div class=\"wp-block-column is-layout-flow wp-block-column-is-layout-flow\" style=\"flex-basis:66.66%\">\n<p><strong>Lhikio Agiou Georgiou Lhakatamias<\/strong>&nbsp;ye ua scuola p\u00fablica d'ansino secundairo an Nic\u00f3sia, Xipre. La scuola coloca ua fuorte \u00e9nfase ne l sucesso acad\u00e9mico, bien cumo ne l zambolbimiento pessonal, social i profissional de ls sous alunos, proporcionando-les l'ouportunidade de daprender nun ambiente anclusibo i acessible. La scuola ye reconhecida pulas sues a\u00e7ones la nible nacional i ouropeu.<br>Para saber mais:<\/p>\n<\/div>\n<\/div>\n\n\n\n<div class=\"wp-block-columns partners-block is-layout-flex wp-container-core-columns-is-layout-9d6595d7 wp-block-columns-is-layout-flex\">\n<div class=\"wp-block-column is-layout-flow wp-block-column-is-layout-flow\" style=\"flex-basis:33.33%\"><div class=\"wp-block-image is-style-default\">\n<figure class=\"aligncenter size-full\"><img loading=\"lazy\" decoding=\"async\" width=\"400\" height=\"300\" src=\"https:\/\/liaise-project.eu\/wp-content\/uploads\/2025\/04\/ciara.jpg\" alt=\"ciara\" class=\"wp-image-36\"\/><\/figure><\/div><\/div>\n\n\n\n<div class=\"wp-block-column is-layout-flow wp-block-column-is-layout-flow\" style=\"flex-basis:66.66%\">\n<p><strong>Comit\u00e9 Anternational Associatif de R\u00e9flexion eit Ation - Martenique (Fr\u00e1ncia)<\/strong>LIAISE Website Texts\nLIAISE Website Texts\n\n75%\n11\nC17\n\n\nCIARA ye ua  associa\u00e7on sediada na Martenica, an Fr\u00e1ncia, centrada na promo\u00e7on i ne l'apoio a l'antegra\u00e7on de mo\u00e7os marginalizados an ambientes eiducatibos i sociales. L'associa\u00e7on ten spri\u00e9ncia an propor i amplementar a\u00e7ones qu'abordan ls porblemas que ls mo\u00e7os i ls sous pais anfrentan na sociadade lhocal. Ne l \u00e1mbito de las sues atebidades, la CIARA ourganiza sessones de coaching, forma\u00e7on i tutoria para mo\u00e7os, studantes i profissionales.\n  \n  \n \t\n\nCIARA ye ua  associa\u00e7on sediada na Martenica, an Fr\u00e1ncia, centrada na promo\u00e7on i ne l'apoio a l'antegra\u00e7on de mo\u00e7os marginalizados an ambientes eiducatibos i sociales. L'associa\u00e7on ten spri\u00e9ncia an propor i amplementar a\u00e7ones qu'abordan ls porblemas que ls mo\u00e7os i ls sous pais anfrentan na sociadade lhocal. Ne l \u00e1mbito de las sues atebidades, la CIARA ourganiza sessones de coaching, forma\u00e7on i tutoria para mo\u00e7os, studantes i profissionales.\n\u0395\u03bd\u03b5\u03c1\u03b3\u03bf\u03c0\u03bf\u03af\u03b7\u03c3\u03b7 \u03c5\u03c0\u03bf\u03c3\u03c4\u03ae\u03c1\u03b9\u03be\u03b7\u03c2 \u03b1\u03bd\u03b1\u03b3\u03bd\u03ce\u03c3\u03c4\u03b7 \u03bf\u03b8\u03cc\u03bd\u03b7\u03c2\n \n\u0393\u03b9\u03b1 \u03bd\u03b1 \u03b5\u03bd\u03b5\u03c1\u03b3\u03bf\u03c0\u03bf\u03b9\u03ae\u03c3\u03b5\u03c4\u03b5 \u03c4\u03b7\u03bd \u03c5\u03c0\u03bf\u03c3\u03c4\u03ae\u03c1\u03b9\u03be\u03b7 \u03b1\u03bd\u03ac\u03b3\u03bd\u03c9\u03c3\u03b7\u03c2 \u03bf\u03b8\u03cc\u03bd\u03b7\u03c2, \u03c0\u03b1\u03c4\u03ae\u03c3\u03c4\u03b5 Ctrl+Alt+Z \u0393\u03b9\u03b1 \u03bd\u03b1 \u03bc\u03ac\u03b8\u03b5\u03c4\u03b5 \u03c0\u03b5\u03c1\u03b9\u03c3\u03c3\u03cc\u03c4\u03b5\u03c1\u03b1 \u03c3\u03c7\u03b5\u03c4\u03b9\u03ba\u03ac \u03bc\u03b5 \u03c4\u03b9\u03c2 \u03c3\u03c5\u03bd\u03c4\u03bf\u03bc\u03b5\u03cd\u03c3\u03b5\u03b9\u03c2 \u03c0\u03bb\u03b7\u03ba\u03c4\u03c1\u03bf\u03bb\u03bf\u03b3\u03af\u03bf\u03c5, \u03c0\u03b1\u03c4\u03ae\u03c3\u03c4\u03b5 Ctrl+\u03ba\u03ac\u03b8\u03b5\u03c4\u03bf\u03c2\u039f \u03c7\u03c1\u03ae\u03c3\u03c4\u03b7\u03c2 \u0391\u03bd\u03ce\u03bd\u03c5\u03bc\u03bf\u03c2 \u03c1\u03b9\u03bd\u03cc\u03ba\u03b5\u03c1\u03bf\u03c2 \u03b1\u03c0\u03bf\u03c7\u03ce\u03c1\u03b7\u03c3\u03b5 \u03b1\u03c0\u03cc \u03c4\u03bf \u03ad\u03b3\u03b3\u03c1\u03b1\u03c6\u03bf.<br>Para saber mais:<\/p>\n<\/div>\n<\/div>\n\n\n\n<div class=\"wp-block-columns partners-block is-layout-flex wp-container-core-columns-is-layout-9d6595d7 wp-block-columns-is-layout-flex\">\n<div class=\"wp-block-column is-layout-flow wp-block-column-is-layout-flow\" style=\"flex-basis:33.33%\"><div class=\"wp-block-image is-style-default\">\n<figure class=\"aligncenter size-full\"><img loading=\"lazy\" decoding=\"async\" width=\"400\" height=\"300\" src=\"https:\/\/liaise-project.eu\/wp-content\/uploads\/2025\/04\/rbrussels.jpg\" alt=\"rbrussels\" class=\"wp-image-33\"\/><\/figure><\/div><\/div>\n\n\n\n<div class=\"wp-block-column is-layout-flow wp-block-column-is-layout-flow\" style=\"flex-basis:66.66%\">\n<p><strong>ReadLab Brussels<\/strong>&nbsp;ye ua ourganiza\u00e7on d'an\u00e1leze de zambolbimiento i ambestiga\u00e7on cun sede an Bruxelas, B\u00e9lgica. La prioridade de l'ourganiza\u00e7on ye apoiar anstitui\u00e7ones eiducatibas formales i nun formales nua basta gama de dom\u00ednios atrabe\u00e7 de la presta\u00e7on d'assist\u00e9ncia t\u00e9cnica. L sou ambolbimiento atibo an eniciatibas eiducatibas permitiu a la ReadLab Brussels alcan\u00e7ar un ampato seneficatibo ne l panorama eiducatibo, promobendo l'ancluson, l'acessibelidade i l crecimiento.<br>Para saber mais:<\/p>\n<\/div>\n<\/div>\n\n\n\n<div class=\"wp-block-columns partners-block is-layout-flex wp-container-core-columns-is-layout-9d6595d7 wp-block-columns-is-layout-flex\">\n<div class=\"wp-block-column is-layout-flow wp-block-column-is-layout-flow\" style=\"flex-basis:33.33%\"><div class=\"wp-block-image is-style-default\">\n<figure class=\"aligncenter size-full\"><img loading=\"lazy\" decoding=\"async\" width=\"400\" height=\"300\" src=\"https:\/\/liaise-project.eu\/wp-content\/uploads\/2025\/04\/mkosmos.jpg\" alt=\"mkosmos\" class=\"wp-image-39\"\/><\/figure><\/div><\/div>\n\n\n\n<div class=\"wp-block-column is-layout-flow wp-block-column-is-layout-flow\" style=\"flex-basis:66.66%\">\n<p><strong>Associa\u00e7on cultural italo-heil\u00e9nica pa la forma\u00e7on \u201cMicrokosmos\u201d - Eit\u00e1lia&nbsp;<\/strong>Microkosmos ye ua associa\u00e7on cultural i eiducacional sin fines lhucratibos an Turin, Eit\u00e1lia. L trabalho de l'associa\u00e7on baseia-se ne ls perc\u00edpios de la sustentabelidade, acessibelidade i ancluson, apoiando atibamente l'eigualdade d'acesso a cuntestos eiducatibos i sociales para todos ls andib\u00edduos. La Microkosmos ourienta l sou trabalho ne l sentido de fornecer als mo\u00e7os las cumpet\u00e9ncias b\u00e1sicas digitales i sociales ne\u00e7airas para nabeg\u00e1ren nas rialidades profissionales, sociales i eiducatibas modernas.<br>Para saber mais:<\/p>\n<\/div>\n<\/div>\n<\/div>\n<\/div>","protected":false},"excerpt":{"rendered":"<p>PARTNERS Agrupamento de Escolas do Barreiro is<\/p>","protected":false},"author":1,"featured_media":0,"parent":0,"menu_order":0,"comment_status":"closed","ping_status":"closed","template":"page-fluid.php","meta":{"_acf_changed":false,"_uag_custom_page_level_css":"","footnotes":""},"class_list":["post-103","page","type-page","status-publish","hentry"],"acf":[],"yoast_head":"<!-- This site is optimized with the Yoast SEO plugin v25.3.1 - https:\/\/yoast.com\/wordpress\/plugins\/seo\/ -->\n<title>Partners - Liaise<\/title>\n<meta name=\"robots\" content=\"index, follow, max-snippet:-1, max-image-preview:large, max-video-preview:-1\" \/>\n<link rel=\"canonical\" href=\"https:\/\/liaise-project.eu\/mir\/partners\/\" \/>\n<meta property=\"og:locale\" content=\"en_US\" \/>\n<meta property=\"og:type\" content=\"article\" \/>\n<meta property=\"og:title\" content=\"Partners - Liaise\" \/>\n<meta property=\"og:description\" content=\"PARTNERS Agrupamento de Escolas do Barreiro is\" \/>\n<meta property=\"og:url\" content=\"https:\/\/liaise-project.eu\/mir\/partners\/\" \/>\n<meta property=\"og:site_name\" content=\"Liaise\" \/>\n<meta property=\"article:modified_time\" content=\"2025-04-29T09:27:38+00:00\" \/>\n<meta property=\"og:image\" content=\"https:\/\/liaise-project.eu\/wp-content\/uploads\/2025\/04\/partners.jpg\" \/>\n\t<meta property=\"og:image:width\" content=\"2206\" \/>\n\t<meta property=\"og:image:height\" content=\"305\" \/>\n\t<meta property=\"og:image:type\" content=\"image\/jpeg\" \/>\n<meta name=\"twitter:card\" content=\"summary_large_image\" \/>\n<meta name=\"twitter:label1\" content=\"Est. reading time\" \/>\n\t<meta name=\"twitter:data1\" content=\"4 minutes\" \/>\n<script type=\"application\/ld+json\" class=\"yoast-schema-graph\">{\"@context\":\"https:\/\/schema.org\",\"@graph\":[{\"@type\":\"WebPage\",\"@id\":\"https:\/\/liaise-project.eu\/partners\/\",\"url\":\"https:\/\/liaise-project.eu\/partners\/\",\"name\":\"Partners - Liaise\",\"isPartOf\":{\"@id\":\"https:\/\/liaise-project.eu\/#website\"},\"primaryImageOfPage\":{\"@id\":\"https:\/\/liaise-project.eu\/partners\/#primaryimage\"},\"image\":{\"@id\":\"https:\/\/liaise-project.eu\/partners\/#primaryimage\"},\"thumbnailUrl\":\"https:\/\/liaise-project.eu\/wp-content\/uploads\/2025\/04\/partners.jpg\",\"datePublished\":\"2025-04-28T08:08:03+00:00\",\"dateModified\":\"2025-04-29T09:27:38+00:00\",\"breadcrumb\":{\"@id\":\"https:\/\/liaise-project.eu\/partners\/#breadcrumb\"},\"inLanguage\":\"mir\",\"potentialAction\":[{\"@type\":\"ReadAction\",\"target\":[\"https:\/\/liaise-project.eu\/partners\/\"]}]},{\"@type\":\"ImageObject\",\"inLanguage\":\"mir\",\"@id\":\"https:\/\/liaise-project.eu\/partners\/#primaryimage\",\"url\":\"https:\/\/liaise-project.eu\/wp-content\/uploads\/2025\/04\/partners.jpg\",\"contentUrl\":\"https:\/\/liaise-project.eu\/wp-content\/uploads\/2025\/04\/partners.jpg\"},{\"@type\":\"BreadcrumbList\",\"@id\":\"https:\/\/liaise-project.eu\/partners\/#breadcrumb\",\"itemListElement\":[{\"@type\":\"ListItem\",\"position\":1,\"name\":\"Home\",\"item\":\"https:\/\/liaise-project.eu\/\"},{\"@type\":\"ListItem\",\"position\":2,\"name\":\"Partners\"}]},{\"@type\":\"WebSite\",\"@id\":\"https:\/\/liaise-project.eu\/#website\",\"url\":\"https:\/\/liaise-project.eu\/\",\"name\":\"Liaise\",\"description\":\"\",\"potentialAction\":[{\"@type\":\"SearchAction\",\"target\":{\"@type\":\"EntryPoint\",\"urlTemplate\":\"https:\/\/liaise-project.eu\/?s={search_term_string}\"},\"query-input\":{\"@type\":\"PropertyValueSpecification\",\"valueRequired\":true,\"valueName\":\"search_term_string\"}}],\"inLanguage\":\"mir\"}]}<\/script>\n<!-- \/ Yoast SEO plugin. -->","yoast_head_json":{"title":"Partners - Liaise","robots":{"index":"index","follow":"follow","max-snippet":"max-snippet:-1","max-image-preview":"max-image-preview:large","max-video-preview":"max-video-preview:-1"},"canonical":"https:\/\/liaise-project.eu\/mir\/partners\/","og_locale":"en_US","og_type":"article","og_title":"Partners - Liaise","og_description":"PARTNERS Agrupamento de Escolas do Barreiro is","og_url":"https:\/\/liaise-project.eu\/mir\/partners\/","og_site_name":"Liaise","article_modified_time":"2025-04-29T09:27:38+00:00","og_image":[{"width":2206,"height":305,"url":"https:\/\/liaise-project.eu\/wp-content\/uploads\/2025\/04\/partners.jpg","type":"image\/jpeg"}],"twitter_card":"summary_large_image","twitter_misc":{"Est. reading time":"4 minutes"},"schema":{"@context":"https:\/\/schema.org","@graph":[{"@type":"WebPage","@id":"https:\/\/liaise-project.eu\/partners\/","url":"https:\/\/liaise-project.eu\/partners\/","name":"Partners - Liaise","isPartOf":{"@id":"https:\/\/liaise-project.eu\/#website"},"primaryImageOfPage":{"@id":"https:\/\/liaise-project.eu\/partners\/#primaryimage"},"image":{"@id":"https:\/\/liaise-project.eu\/partners\/#primaryimage"},"thumbnailUrl":"https:\/\/liaise-project.eu\/wp-content\/uploads\/2025\/04\/partners.jpg","datePublished":"2025-04-28T08:08:03+00:00","dateModified":"2025-04-29T09:27:38+00:00","breadcrumb":{"@id":"https:\/\/liaise-project.eu\/partners\/#breadcrumb"},"inLanguage":"mir","potentialAction":[{"@type":"ReadAction","target":["https:\/\/liaise-project.eu\/partners\/"]}]},{"@type":"ImageObject","inLanguage":"mir","@id":"https:\/\/liaise-project.eu\/partners\/#primaryimage","url":"https:\/\/liaise-project.eu\/wp-content\/uploads\/2025\/04\/partners.jpg","contentUrl":"https:\/\/liaise-project.eu\/wp-content\/uploads\/2025\/04\/partners.jpg"},{"@type":"BreadcrumbList","@id":"https:\/\/liaise-project.eu\/partners\/#breadcrumb","itemListElement":[{"@type":"ListItem","position":1,"name":"Home","item":"https:\/\/liaise-project.eu\/"},{"@type":"ListItem","position":2,"name":"Partners"}]},{"@type":"WebSite","@id":"https:\/\/liaise-project.eu\/#website","url":"https:\/\/liaise-project.eu\/","name":"Liaise","description":"","potentialAction":[{"@type":"SearchAction","target":{"@type":"EntryPoint","urlTemplate":"https:\/\/liaise-project.eu\/?s={search_term_string}"},"query-input":{"@type":"PropertyValueSpecification","valueRequired":true,"valueName":"search_term_string"}}],"inLanguage":"mir"}]}},"uagb_featured_image_src":{"full":false,"thumbnail":false,"medium":false,"medium_large":false,"large":false,"1536x1536":false,"2048x2048":false,"trp-custom-language-flag":false},"uagb_author_info":{"display_name":"admin","author_link":"https:\/\/liaise-project.eu\/mir\/author\/liaisewpadmn\/"},"uagb_comment_info":0,"uagb_excerpt":"PARTNERS Agrupamento de Escolas do Barreiro is","_links":{"self":[{"href":"https:\/\/liaise-project.eu\/mir\/wp-json\/wp\/v2\/pages\/103","targetHints":{"allow":["GET"]}}],"collection":[{"href":"https:\/\/liaise-project.eu\/mir\/wp-json\/wp\/v2\/pages"}],"about":[{"href":"https:\/\/liaise-project.eu\/mir\/wp-json\/wp\/v2\/types\/page"}],"author":[{"embeddable":true,"href":"https:\/\/liaise-project.eu\/mir\/wp-json\/wp\/v2\/users\/1"}],"replies":[{"embeddable":true,"href":"https:\/\/liaise-project.eu\/mir\/wp-json\/wp\/v2\/comments?post=103"}],"version-history":[{"count":9,"href":"https:\/\/liaise-project.eu\/mir\/wp-json\/wp\/v2\/pages\/103\/revisions"}],"predecessor-version":[{"id":207,"href":"https:\/\/liaise-project.eu\/mir\/wp-json\/wp\/v2\/pages\/103\/revisions\/207"}],"wp:attachment":[{"href":"https:\/\/liaise-project.eu\/mir\/wp-json\/wp\/v2\/media?parent=103"}],"curies":[{"name":"wp","href":"https:\/\/api.w.org\/{rel}","templated":true}]}}